en 39055 is divided by 117.
94
What is the remainder when 100598 is divided by 162?
158
What is the remainder when 120357 is divided by 151?
10
What is the remainder when 7017181 is divided by 412?
409
What is the remainder when 8574 is divided by 614?
592
What is the remainder when 220640 is divided by 139?
47
Calculate the remainder when 4634 is divided by 659.
21
What is the remainder when 677 is divided by 212?
41
Calculate the remainder when 1797 is divided by 821.
155
Calculate the remainder when 910 is divided by 161.
105
Calculate the remainder when 17627 is divided by 3523.
12
What is the remainder when 18906 is divided by 900?
6
Calculate the remainder when 115811 is divided by 51.
41
Calculate the remainder when 2717 is divided by 1291.
135
What is the remainder when 36789 is divided by 130?
129
What is the remainder when 28209 is divided by 31?
30
Calculate the remainder when 2394 is divided by 2267.
127
Calculate the remainder when 17872 is divided by 30.
22
What is the remainder when 588 is divided by 182?
42
Calculate the remainder when 151104 is divided by 207.
201
What is the remainder when 171795 is divided by 788?
11
Calculate the remainder when 1480 is divided by 288.
40
Calculate the remainder when 110168 is divided by 1080.
8
What is the remainder when 7119 is divided by 474?
9
Calculate the remainder when 12216 is divided by 4070.
6
What is the remainder when 41396 is divided by 2087?
1743
Calculate the remainder when 13554 is divided by 13537.
17
Calculate the remainder when 11341 is divided by 214.
213
Calculate the remainder when 45067 is divided by 14893.
388
What is the remainder when 276481 is divided by 276477?
4
Calculate the remainder when 79331 is divided by 422.
417
Calculate the remainder when 14690 is divided by 83.
82
What is the remainder when 3974 is divided by 2243?
1731
What is the remainder when 223626 is divided by 83?
24
Calculate the remainder when 3054 is divided by 507.
12
What is the remainder when 54376 is divided by 3418?
3106
Calculate the remainder when 528118 is divided by 4.
2
What is the remainder when 1074143 is divided by 19?
16
Calculate the remainder when 34395 is divided by 18.
15
What is the remainder when 48802 is divided by 24395?
12
Calculate the remainder when 5685 is divided by 1095.
210
Calculate the remainder when 656 is divided by 123.
41
Calculate the remainder when 5521 is divided by 222.
193
Calculate the remainder when 20492 is divided by 889.
45
What is the remainder when 80813 is divided by 93?
89
What is the remainder when 34641 is divided by 222?
9
Calculate the remainder when 327 is divided by 10.
7
Calculate the remainder when 364697 is divided by 350.
347
What is the remainder when 51283 is divided by 3663?
1
Calculate the remainder when 899 is divided by 406.
87
What is the remainder when 28745 is divided by 9540?
125
Calculate the remainder when 34733 is divided by 11576.
5
What is the remainder when 372 is divided by 194?
178
Calculate the remainder when 3863 is divided by 239.
39
Calculate the remainder when 11295 is divided by 92.
71
Calculate the remainder when 1335194 is divided by 1058.
1056
Calculate the remainder when 34812 is divided by 11.
8
What is the remainder when 173800 is divided by 1047?
1045
Calculate the remainder when 102124 is divided by 51028.
68
Calculate the remainder when 15348 is divided by 15293.
55
Calculate the remainder when 251393 is divided by 25.
18
What is the remainder when 700 is divided by 206?
82
Calculate the remainder when 10398 is divided by 80.
78
What is the remainder when 7845 is divided by 1877?
337
Calculate the remainder when 488486 is divided by 11.
9
Calculate the remainder when 1282 is divided by 71.
4
What is the remainder when 964 is divided by 44?
40
What is the remainder when 157211 is divided by 1209?
41
What is the remainder when 28898 is divided by 62?
6
What is the remainder when 3088 is divided by 985?
133
Calculate the remainder when 9227 is divided by 39.
23
Calculate the remainder when 4805 is divided by 131.
89
Calculate the remainder when 27037 is divided by 82.
59
Calculate the remainder when 132064 is divided by 1082.
60
Calculate the remainder when 249 is divided by 73.
30
Calculate the remainder when 836 is divided by 34.
20
What is the remainder when 17549 is divided by 8715?
119
What is the remainder when 9767 is divided by 1083?
20
Calculate the remainder when 345797 is divided by 175.
172
Calculate the remainder when 7667 is divided by 638.
11
Calculate the remainder when 29949 is divided by 808.
53
Calculate the remainder when 17581 is divided by 1696.
621
What is the remainder when 21486 is divided by 98?
24
What is the remainder when 18510 is divided by 13?
11
What is the remainder when 47103 is divided by 8?
7
What is the remainder when 21110 is divided by 31?
30
What is the remainder when 18747 is divided by 1561?
15
What is the remainder when 22792 is divided by 20?
12
What is the remainder when 23670 is divided by 111?
27
What is the remainder when 8933 is divided by 79?
6
Calculate the remainder when 341552 is divided by 99.
2
Calculate the remainder when 25159 is divided by 6289.
3
Calculate the remainder when 6075 is divided by 69.
3
Calculate the remainder when 21676 is divided by 434.
410
Calculate the remainder when 4136 is divided by 619.
422
What is the remainder when 55898 is divided by 9312?
26
What is the remainder when 9744 is divided by 541?
6
What is the remainder when 3663 is divided by 1007?
642
Calculate the remainder when 96604 is divided by 582.
574
What is the remainder when 84484 is divided by 1385?
1384
Calculate the remainder when 1849 is divided by 462.
1
Calculate the remainder when 294009 is divided by 41.
39
What is the remainder when 1220 is divided by 71?
13
What is the remainder when 31921 is divided by 5?
1
What is the remainder when 209110 is divided by 52272?
22
What is the remainder when 519806 is divided by 16?
14
Calculate the remainder when 26196 is divided by 213.
210
Calculate the remainder when 87923 is divided by 107.
76
What is the remainder when 566 is divided by 13?
7
Calculate the remainder when 21873 is divided by 33.
27
What is the remainder when 1206 is divided by 17?
16
Calculate the remainder when 4157 is divided by 271.
92
Calculate the remainder when 107410 is divided by 8.
2
What is the remainder when 60025 is divided by 910?
875
What is the remainder when 3141 is divided by 897?
450
What is the remainder when 7733 is divided by 3848?
37
What is the remainder when 121931 is divided by 108?
107
Calculate the remainder when 32656 is divided by 10872.
40
What is the remainder when 19557 is divided by 125?
57
What is the remainder when 89280 is divided by 819?
9
Calculate the remainder when 48913 is divided by 48892.
21
Calculate the remainder when 344524 is divided by 16405.
19
Calculate the remainder when 1163021 is divided by 72.
5
Calculate the remainder when 339585 is divided by 48512.
1
Calculate the remainder when 1394 is divided by 17.
0
Calculate the remainder when 50399 is divided by 140.
139
Calculate the remainder when 3439189 is divided by 14.
5
What is the remainder when 135899 is divided by 180?
179
Calculate the remainder when 1668 is divided by 1470.
198
What is the remainder when 150 is divided by 73?
4
Calculate the remainder when 794110 is divided by 42.
16
What is the remainder when 5445 is divided by 24?
21
What is the remainder when 134003 is divided by 13?
12
Calculate the remainder when 3716 is divided by 313.
273
Calculate the remainder when 13830 is divided by 1257.
3
Calculate the remainder when 43761 is divided by 69.
15
Calculate the remainder when 290531 is divided by 21.
17
What is the remainder when 2610 is divided by 1842?
768
Calculate the remainder when 4493 is divided by 448.
13
Calculate the remainder when 2186 is divided by 1527.
659
Calculate the remainder when 53920 is divided by 37.
11
Calculate the remainder when 148743 is divided by 350.
343
Calculate the remainder when 1800358 is divided by 8.
6
Calculate the remainder when 165566 is divided by 508.
466
What is the remainder when 20157 is divided by 280?
277
Calculate the remainder when 19392 is divided by 672.
576
What is the remainder w